- -78. Suppose -t*g + 134562 + 140643 = 0. Is g composite?
True
Let v(i) = 42*i**2 - 37*i + 29. Let l(g) = -2*g**2 - 7*g - 15. Let w be l(-3). Is v(w) composite?
False
Let s = 2605058 + -1235245. Is s a composite number?
False
Let w(u) = -3*u**2 + 3*u + 29. Let q be w(5). Let o(d) = 15*d**2 + 33*d + 5. Is o(q) a composite number?
False
Is (3470745/30)/(-5 - 66/(-12)) a composite number?
True
Suppose 60 = 8*b - 3*b. Let h(v) = v**3 + v**2. Let g(n) = 4*n**3 - 13*n**2 - 9*n - 13. Let p(a) = -g(a) + 3*h(a). Is p(b) prime?
False
Let d = -201 - -217. Is 4137 + 4/d*8 composite?
False
Let w be (6/2)/(6/(-20)). Let o(b) = -7*b**2 - 5*b + 10. Let n(h) = 4*h**2 + 6*h - 11. Let f(d) = -3*n(d) - 2*o(d). Is f(w) a composite number?
False
Suppose 0 = 11*i - 740448 + 56215. Is i composite?
True
Let c = -79 + 80. Suppose -p + 1 = -c. Suppose p*m = 3*v + 11986, -v = -m + 2*m - 6003. Is m composite?
True
Let l = -445976 - -761125. Is l prime?
False
Let k = 5809 + -2514. Is k a prime number?
False
Suppose 3*n - 1479 = 2*o, -o + 2470 = 5*n - 6*o. Let f = -334 + n. Is f composite?
False
Suppose -3*o + 2*j - 4 = 6, 15 = o + 3*j. Suppose o = -w - 1432 - 1207. Let r = 924 - w. Is r a composite number?
True
Let y(g) = -581*g - 286. Is y(-39) a composite number?
True
Suppose -5555*t = -5550*t - 105415. Is t prime?
False
Let z(f) = 2711*f**3 - 4*f**2 - 10*f + 10. Suppose 0 = 38*g - 36*g + 14. Let k(j) = -904*j**3 + j**2 + 3*j - 3. Let t(r) = g*k(r) - 2*z(r). Is t(1) prime?
True
Let j(t) = 59*t**3 - 5 + 0*t**2 + 5*t - 60*t**3 + 3*t**2 + 0*t**2. Let i be j(4). Is i + (0 - -4) - -262 a composite number?
True
Suppose -54*g + 53*g + 2524 = 0. Suppose y + 5*i - 2525 = i, y + 3*i - g = 0. Is y composite?
False
Is ((-1671774)/(-104))/((-3)/(-4)) prime?
True
Suppose 3*i - 129 - 21 = 0. Let s be ((i/(-1))/(-5))/(-2). Let r(x) = -141*x + 38. Is r(s) composite?
False
Suppose 3*n + 103346 = 5*q, -2*n = -q - n + 20670. Suppose 8*v - 4*v - q = -4*b, -b + v = -5167. Is b a composite number?
False
Let h = -66 - -73. Suppose h*q - 8 = 6. Suppose 4*c - 994 = -q*d, -2*c + 487 = 4*d - d. Is c composite?
False
Is -7*2*6007261/(-182) a composite number?
False
Let s(n) = 134*n - 11. Let j(u) = -2*u**2 + 23*u - 8. Let a be j(11). Suppose -2*i + 54 = a*i - 2*k, 9 = 3*k. Is s(i) composite?
False
Let d = -9822 + 6348. Let x = d + 7373. Is x prime?
False
Let f(r) = 5*r**2 + 2*r - 16. Let v be f(7). Suppose l = -5*n + 579, 3*n + 3*l - v = 114. Is n prime?
False
Let u(v) = 1653*v**3 - v**2 - 76*v + 227. Is u(5) a prime number?
True
Let n = -31117 + 107766. Is n composite?
False
Let x(c) = 7*c**3 - 3 + 0*c + 3*c**2 - c - 34*c**3. Let f be x(-3). Suppose 5*w - 5*u - 3800 = 0, -w + f = 3*u - 2*u. Is w prime?
False
Let s(i) = -22*i**3 - 2*i**2 - 7*i - 7. Let j(c) = c**3 - 4*c**2 + c - 1. Let d(r) = 3*j(r) - s(r). Is d(7) a composite number?
True
Let h(r) be the second derivative of r**5/20 - 11*r**4/12 - 8*r**3/3 + 8*r**2 + 10*r. Let f be h(12). Is (-35228)/f + (-1)/(-8) composite?
True
Suppose 4*r = 4*a + 310644, -3*a = -2*r - 63181 + 218497. Is r a composite number?
True
Let g be ((-44)/(-66))/((-4)/(-6)). Is 1*(g/(3/9) - -124) a composite number?
False
Let i(t) = -t**2 - 17*t - 62. Let w be i(-5). Is w/(4/(-2))*(3451 + -18) prime?
True
Suppose -x - j = -89, x = -x + 5*j + 192. Is 1949/(x/77 - (-2)/(-11)) a prime number?
True
Let h = -136 - -146. Suppose -h = -2*q - 0*q. Is (-11924)/(-110)*(q/2 - 0) composite?
False
Suppose 4*x - 4658 = 2*h, 2*x - 3*x = -2*h - 1163. Let j = 6228 + x. Is j composite?
False
Suppose 13964 = 7*i - 3*i. Let g be 2/(-15 + 1) - 729930/406. Let a = i + g. Is a composite?
False
Suppose a = -2*k + 23206, -5*a + 37601 = 2*k + 14403. Suppose -k = -4*d - 8*d. Is d a prime number?
True
Let t = 39 - 39. Suppose -3*w - 24 = -t*w + y, -4*y = w + 19. Let k = w - -53. Is k a composite number?
True
Suppose -p - 3*k + 204044 = 0, -p - 6*k + 204037 = -10*k. Is p prime?
False
Let l(j) be the third derivative of j**6/120 - j**5/12 + 5*j**4/24 - j**3/6 - 30*j**2. Let a be l(4). Suppose -b + 633 = a*m, m = -3*b - 13 + 224. Is m prime?
True
Let k = 72130 + -25691. Is k a composite number?
False
Suppose 75*o + 46732 = 2*t + 77*o, -2*t = 3*o - 46729. Is t composite?
False
Suppose 4*s - 31 = 3*s. Suppose -16 = s*n - 35*n. Suppose -3*k + 1841 = n*k. Is k composite?
False
Let l(m) = 3*m + 148. Let b = 315 - 320. Is l(b) a composite number?
True
Let v(r) = -293*r - 4. Let n be v(6). Suppose 126*q + 403491 + 4623 = 0. Let s = n - q. Is s a prime number?
False
Suppose 5*q + 21*z - 73500 = 20*z, 5*z = -5*q + 73500. Suppose -3*f + 3*g = -22053, -g = -2*f - 0*f + q. Is f a prime number?
True
Suppose -12 = 14*i - 18*i. Suppose 2*t + i*t - 4*r - 4535 = 0, -3619 = -4*t + 5*r. Is t a composite number?
False
Let c(y) = -10*y + 140. Let m be c(16). Is m*(1785/(-4) + 2) a prime number?
False
Suppose -2*r = -8, -7*r + 3*r = q - 8630. Suppose 9*p + q - 20854 = 0. Let m = -573 + p. Is m prime?
True
Suppose 28*s = -8*s + 322920. Suppose 0 = -11*f + 6001 + s. Is f a prime number?
True
Suppose -k = 3*g - 12 - 3, -3*k + 4*g - 20 = 0. Suppose -4*z + 7*z - 10767 = k. Is z a composite number?
True
Suppose -28 = -2*v + 4*v - 4*m, -3*m + 19 = -v. Is (v - -11393)*(-33)/(-77) a prime number?
False
Suppose 16 = -v + 6. Let u(f) = -f**3 - 4*f**2 + 22*f - 27. Is u(v) composite?
False
Suppose v + 2*l = 114935, -4*v - 3*l + 459760 = -0*l. Is v a composite number?
True
Let o be 11 - (-3 + 5)*1. Let n = 13 + -13. Suppose o*x - 4*x - 13405 = n. Is x prime?
False
Let v = -15 + 18. Let p(r) = -3 + 2*r + 7*r**v + 1 - 5*r**3 - 3*r**3. Is p(-9) a composite number?
False
Let b be -3*40/12*32/(-40). Let l(s) = 1218*s - 1. Is l(b) a composite number?
False
Let r(w) be the second derivative of 126*w**3 - 13*w**2 - 6*w. Is r(2) prime?
False
Suppose 0 = -54*i + 3273378 + 11088383 + 7044541. Is i a prime number?
True
Let c(z) = 117*z**2 - 133*z - 51. Is c(-8) composite?
False
Let v = -196 + 200. Suppose -6*d = v*d - 4870. Is d composite?
False
Suppose b = 4*q + 14, q + 0*q + 1 = -b. Suppose 2*c - c = y, b = y. Suppose c*u - 2330 = -3*u. Is u composite?
True
Is (33262/5)/(-14 + 497/35) a prime number?
False
Let z be (-6 - -3)/((-6)/(-8)). Let j(a) = -2 - 6 - 4*a + 1 - a + 12*a**2. Is j(z) composite?
True
Suppose 5*m - 170 = -u, 0*m + 2*m - 68 = 3*u. Let p = 40 - m. Is (123/p*2)/((-2)/(-4)) prime?
False
Let o = 612 - -51. Let m = o - -1282. Is m prime?
False
Suppose -5*x = 2*z - 35674, 2*x - 6*x + 28535 = 3*z. Suppose 4*h - 6*s - x = -2*s, 5*s = 0. Suppose 3*p - 1477 = h. Is p composite?
False
Let p(j) = 188*j**2 - 36*j + 27. Suppose 0*a - a - 25 = 3*q, 0 = -4*a + q - 35. Is p(a) a prime number?
False
Let s = -306 + 312. Is 0 + s/(36/213222) a prime number?
True
Let m(x) = -186*x - 22. Suppose 3*c - 8*c = 30. Is m(c) a prime number?
False
Suppose 5*x = -b + 31, 5*b - 17 = -4*x + 2*x. Is -1 + 1 + x/(18/19677) a composite number?
True
Let l = 47784 + 36715. Is l a prime number?
True
Suppose -2*r - 2 = 0, -13*r = 7*k - 10*r - 531710. Is k a composite number?
True
Let c = 153 + -63. Suppose 0 = -82*d + c*d - 13096. Is d a composite number?
False
Let h = -188 + 674. Suppose h = -4*q + 5*q - 5*x, -2*x = -q + 495. Is q prime?
False
Suppose -1 = w - 4*h + 33, -4*w + 4*h - 88 = 0. Is 1511*7/((-63)/w) a composite number?
True
Let w(f) = f**2 - 2*f + 5. Let h be w(0). Let g(k) = 9*k**2 - k + 5*k**3 - 3*k**2 + 7 + 4*k. Is g(h) composite?
False
Suppose -8 = -4*c, 2 = -3*m - 4*c - 5. Let n be (-31 + 3/3)/((-3)/3). Let q = n + m. Is q a composite number?
True
Let b(o) = 2*o + 12. Let h be b(-9). Let a(u) = -37*u**2 - 7*u + 7. Let j(r) = r**2 + r + 2. Let q(g) = -a(g) - 2*j(g). Is q(h) composite?
True
Suppose 3*m + 5 - 5 = 0. Suppose -31*f + 34*f - 8781 = m. Is f prime?
True
Suppose -4 = j, 5*w - j = 19 + 20. Suppose 3*c - 1607 = -4*g, c - 2*g - 554 = -w*g. Is c a prime number?
False
Suppose 2*a - 955 = -3*a. Let f = 261 + -224. Suppose f = 4*b - a. Is b prime?
False
Let f = 46 + -44. Let n be (1*(f + -4))/(-1). Suppose n*a - 584 = 4*x - 82, -3*x = -12. Is a a prime number?
False
Let s(g) = 28*g**2 + 4*g + 11. Suppose t - 3*t = -8. Suppose b = -3*y + t*b, 3*b = -y - 20. Is s(y) prime?
True
Let z(b) = 40555*b - 6258. Is z(23) prime?
True
Suppose 3*f - 4676 = -